0 - z**3/6 + z. Let t(w) be the second derivative of y(w). Let o = 9362 - 9361. What is t(o)?
-6
Let p(r) = r**3 + 8*r**2 + 6*r - 5. Let n be 8/(-22) - (10 - (-185)/(-55)). Give p(n).
2
Let q(s) be the first derivative of -s**4/4 - 4*s**3/3 - s**2 - 4*s + 164. Calculate q(-4).
4
Let v(o) = -o**2 - 1. Let p(t) = -5*t**2 - 4. Let x(f) = 2*p(f) - 9*v(f). Suppose -4*s = -5*m + m + 36, 3*m = -9. Let r = -15 - s. Give x(r).
-8
Let p(u) be the first derivative of -3/2*u**2 + 5 + 3*u - 1/3*u**3. What is p(-5)?
-7
Let v(s) = 3 - 6*s**3 + 6*s**2 - 3 - s**2 - 1 - 2*s - 7*s**2. Let m be -1 + 3 - (1 - 1). Let d be (1/m)/(2/(-4)). Calculate v(d).
5
Let n(f) = 1 + 2*f + 2*f - 9*f - 9*f. Calculate n(1).
-13
Let c(m) be the second derivative of m**5/20 - 5*m**4/12 + m**3/3 + 5*m**2/2 - 117*m. Determine c(5).
15
Let r(t) = -2*t - 1. Let s be r(-1). Let c(k) = k**2 - 2*k - 3. Let u be c(4). Suppose -u = -2*l + s. Let j(z) = z**3 - 3*z**2 + 4*z - 2. Calculate j(l).
10
Let f(u) = u**3 - u**2 - u - 3. Let i be ((-6)/(-7))/(3/(-21)). Let l = 11 + i. Suppose 7*b = l*b. Give f(b).
-3
Let q(s) = s**3 + 8*s**2 - 5. Let w be q(-8). Let v(i) = i**2 + 6*i. Let c(b) = -b**2 - 7*b + 1. Let h(k) = w*c(k) - 6*v(k). Determine h(-4).
-17
Suppose -s + 2 = -0. Let k(n) be the second derivative of 0 + 5*n - 1/2*n**2 + 1/2*n**3. Calculate k(s).
5
Let r be ((-77)/2)/(-7)*2. Let s(o) = o + 10*o + r - 13*o + 3*o. What is s(0)?
11
Let b = 28 + -35. Let n(u) = u**2 + 5*u - 16. Let o be n(b). Let c(y) = -3*y - 1 + 4 - 5 - y. What is c(o)?
6
Let m(b) = -b**3 - 15*b**2 - 29*b - 18. Let j be m(-13). Suppose 2*l + 3*i - j = 4*l, 4*l + 17 = i. Let r(v) = v**2 - 2*v + 3. Determine r(l).
18
Let y(d) be the third derivative of d**6/120 - d**4/24 + d**3/2 - 31*d**2. What is y(0)?
3
Let i(h) be the first derivative of -7 - 8*h + 18*h - 10*h - 2*h**2. What is i(-1)?
4
Let h(i) be the first derivative of -i**4/4 - 8*i**3/3 - 9*i**2/2 - 8*i + 420. Let y be 2/(-4) + (-13)/2. Give h(y).
6
Let p(s) = 3*s + 17. Let d(z) = -9*z - 54. Let c(b) = 4*d(b) + 14*p(b). What is c(-4)?
-2
Let u(q) = q**2 - 8*q + 3. Let t(b) = 0*b + 7*b + b**2 - 15*b + 3. Suppose -3*f + 5*f - p + 7 = 0, 5*p = -25. Let o(n) = f*u(n) + 5*t(n). Determine o(7).
4
Let j(i) = 2*i**2 + 2*i + 1. Suppose 0 = 2*p - 5 - 9. Let m = -16 - -8. Let s = p + m. Determine j(s).
1
Suppose -o - 5 = -3*r, -24*r + 26*r = 0. Let a(c) = 8*c + 6 + c**2 - c - 2*c. What is a(o)?
6
Let k(l) = -3*l**2 - 24*l + 35. Let f(i) = -i**2 - 8*i + 12. Let t(z) = 17*f(z) - 6*k(z). Give t(-9).
3
Suppose -3*p + 9 = a, 4*a - 1 = 5*p + 1. Let f(m) = 1 - p - 4 - m + 3*m. Determine f(-7).
-19
Let m(h) be the second derivative of -h**5/20 + h**4/2 - h**3/3 - 2*h**2 + 176*h. Let v = -4 + 8. What is m(v)?
20
Let i(y) be the second derivative of y**6/360 + y**5/60 - y**4/8 - 13*y**3/6 - 26*y. Let f(v) be the second derivative of i(v). Give f(-3).
0
Let i(d) = 3*d - d - d. Suppose -143 - 421 = 141*y. Give i(y).
-4
Let o(a) = -a**2 + 17*a - 10. Let t(v) = -v**2 + 16*v - 11. Suppose -31 = 7*f - 3. Let w(d) = f*o(d) + 5*t(d). Give w(10).
5
Let f(v) = -v**3 - 1. Let l(p) = 4*p**3 - 2*p**2 - 2*p + 5. Let x(m) = -3*f(m) - l(m). Suppose 6*g - 12233 = -12215. Calculate x(g).
-5
Let g(b) = -b**2 + 12*b - 4. Let v(t) = -t + 1. Let u(l) = -g(l) - 2*v(l). Let o be 5 - 6 - 11*-1. What is u(o)?
2
Suppose -3*p - 1 = 4*m, 0 = 9*m - 14*m + 25. Let n(t) = t**3 + 8*t**2 + 7*t + 6. What is n(p)?
6
Suppose 14*h = 17*h - 18. Let r(a) = -a**2 + 3. Let z be r(0). Suppose -z = 3*c + h. Let u(o) = 2*o**2 + 5*o + 4. Calculate u(c).
7
Let c(a) = -a**3 - 2*a**2 - a - 1. Suppose 0 = -y + l - 13, 6*l + 25 = -5*y + 3*l. Let t be -3*y/4 + 3. Suppose 3*b - 3 + t = 0. Calculate c(b).
1
Let b(t) = -t**3 - t**2 + t + 2. Let p(m) = -5*m**3 - 4*m**2 + 5*m + 7. Let d(x) = -4*b(x) + p(x). Suppose -f = 5*g - 4, 6*g - 2*g + 5*f + 1 = 0. What is d(g)?
-1
Let v(m) = m**3 + 6*m**2 + 7*m + 2. Suppose 5*z - 22 = 2*n, -3*n = -0*z + 3*z - 9. Let b be 2 + (-6)/(n - -2). Let w = -9 - b. Calculate v(w).
-8
Let f be 15/(-3)*16/(-40). Let k(v) = -2795*v + 4 - 2*v**f - 1 + 2793*v. Determine k(-3).
-9
Let j(g) = 2*g - 14. Let o = -31 + 41. Determine j(o).
6
Let g(d) = -4*d**3 - 7*d**2 - 13*d. Let z(j) = -j**3 - j**2 - 2*j. Let w(k) = -g(k) + 5*z(k). Give w(-3).
36
Let b(s) = s**3 + 5. Let h be b(0). Suppose -h*t = 4 - 24. Suppose t = -4*d + 16. Let c(p) = p**2 - p - 1. Calculate c(d).
5
Let u(z) = 6*z + 2. Suppose -3 - 17 = 5*o - 4*l, 4*l = 2*o - 4. Let h be ((-4)/o*-2)/((-2)/(-4)). Give u(h).
-10
Suppose 4*v + v - 125 = 0. Let u(o) = v*o + 16*o - 39*o. Let j = 4 - 3. Calculate u(j).
2
Let b(z) = 1 - z - 1 + 1. Let s(y) = y**2 - 6*y + 11. Let p be s(2). Suppose -3*q = p, 2*g - 5*q - 1 = 4*g. Give b(g).
-1
Suppose -w = w - 20. Let c be (6/5)/(w/25). Suppose -5*j + j - 7 = -c*k, -35 = -5*j - 5*k. Let r(f) = 6*f - 2. Give r(j).
10
Let k(b) = -b**3 + 7*b**2 + 6. Suppose -5*i + j + 3*j = -478, -2*j = -6. Let s = i + -91. Calculate k(s).
6
Let n(v) = 3*v**3 + 37*v - 2. Let r(t) = -t**3 - 13*t + 1. Let f(h) = 6*n(h) + 17*r(h). What is f(0)?
5
Let p(y) = y**3 + y**2 + y - 15. Let k be (4 - 7 - -2)/1. Let c be (-4)/6 + (1/(-3) - k). Give p(c).
-15
Let y(a) = -9*a**2 + 14*a**2 - 6*a**2 - a. Give y(-2).
-2
Let k(i) be the second derivative of 1/20*i**5 + 1/3*i**4 + 2/3*i**3 + 16*i + 0 + 1/2*i**2. Determine k(-3).
-2
Let o(y) = 229 - 91 + 5*y - 125. Determine o(6).
43
Let u(p) be the first derivative of -p**4/4 - 5*p**3/3 + p**2 + 3*p + 229. Let y(j) = -j**3 - j**2 + j - 5. Let t be y(0). Calculate u(t).
-7
Let g(b) = -888 - b + 888. Give g(7).
-7
Let a(r) = -r - 10. Let s = -788 + 788. What is a(s)?
-10
Let u(j) be the first derivative of -j**4 + j**3/3 - j - 528. What is u(1)?
-4
Let r = -6 + 9. Suppose 2*h = -r*a - 9, 3*a - 2 = 5*h + 31. Let y(v) = v**3 + 6*v**2 + 4*v + 9. Calculate y(h).
-15
Let j(w) be the second derivative of -w**4/12 - 5*w**3/6 + 3*w**2 - w. Let k = 786 + -791. Determine j(k).
6
Let t(o) be the first derivative of -3*o**2/2 + o - 1. Let c(f) = f + 38. Let h be c(-36). Let p(g) = -13*g + 4. Let z(d) = h*p(d) - 9*t(d). Determine z(4).
3
Let s(b) be the third derivative of b**6/30 - b**4/24 + b**3/6 - 3*b**2 + 78. Let o = 2 - 1. Give s(o).
4
Let r(f) = -1 + f + 2*f - 2*f. Let a(g) = 21*g + 3. Let q be a(1). Suppose 0 = 8*l - 2*l - q. Give r(l).
3
Let h(i) be the second derivative of i**3/2 - 2*i**2 - 3*i. Suppose 0 = m - 7*m + 18. What is h(m)?
5
Let d be -1 - (1 - 2) - 1. Let b(m) = m - 7. Let r(u) = -1. Let a(z) = -2*b(z) + 14*r(z). Let y(j) = j - 1. Let p(i) = d*a(i) + y(i). What is p(-2)?
-7
Let r(x) = -x + 2. Let g(w) = 2*w + 2. Let m(n) = -g(n) - 4*r(n). What is m(3)?
-4
Let b(f) = f + 2. Let u be b(4). Let y(n) = n**2 - n - 4. Let a be y(3). Let r(s) = -9 - 2 + 7*s**a - 4*s - s**3 + 10 - 4*s. Determine r(u).
-13
Let w(n) = -n**2 - 4*n + 5. Let z be w(0). Let m(u) = -u**2 + 2*u - 3. Give m(z).
-18
Let h = -263 - -271. Let x(q) = -3*q + 6. Calculate x(h).
-18
Let p(r) = 2*r**3 - 2*r**2 - r + 1. Suppose 8*j + 8 = 10*j. Suppose -b + 6 = 7*t - 3*t, -j*t + 5*b + 18 = 0. What is p(t)?
7
Let k(u) = 4*u - 5 - 21 + 3 + 10. Give k(6).
11
Let c(p) = p + 2. Let d be ((-12)/(-16))/(6/16). Let o = 0 - d. Calculate c(o).
0
Let n(q) = -q. Let b(y) = 3*y - 9. Let v(f) = 9*f - 26. Let t(c) = -17*b(c) + 6*v(c). Let d(x) = -2*n(x) - t(x). What is d(-4)?
7
Let t(x) be the second derivative of 0 + 1/2*x**2 + 2*x + 1/12*x**4 - 7/6*x**3. What is t(6)?
-5
Let o(m) = -m**3 - m**2 + 5*m - 4. Suppose 9*r + 5 = -22. Give o(r).
-1
Suppose 5 = 2*j - 1. Let z(w) = w**3 - 4*w**2 + 4*w - 3. Let r be z(j). Let g(l) = -2*l + 6. Calculate g(r).
6
Let h = 7 - 2. Let p(r) = 2*r**3 + 28*r**2 - 6*r - 4. Let v(t) = 3*t**3 + 49*t**2 - 12*t - 9. Let x(b) = 5*p(b) - 3*v(b). Determine x(h).
-13
Let s(i) = -i + 2. Let q = -10 - -6. Let t be q*(3 + 1 + -3). Determine s(t).
6
Suppose -m - 4*m = 0. Let u be (-1 + -4 + 1)*-1. Let g(s) = -7*s**2 + 4*s**2 - u + 2*s**2. Determine g(m).
-4
Let r be 309/9 - 4/(-6). Suppose 2*o + r = -5*o. Let f(l) = -l - 4. Calculate f(o).
1
Let d(b) = -4*b**2 + 22*b - 15. Let m(t) = t**2 - 7*t + 5. Let p be ((-4)/(-10))/(4/20). Let r(l) = p*d(l) + 7*m(l). What is r(-7)?
-9
Let v(n) be the third derivative of -n**7/840 + n**6/720 + n**5/12